k = 0, -5*t = 9*s - 4*s - 1720. What is the hundreds digit of s?
3
Suppose -1516*l + 1513*l + 91263 = 0. What is the ten thousands digit of l?
3
Let p(m) = 711*m + 605. What is the units digit of p(22)?
7
Suppose -4*a + 4*o + 104 = 0, 6*a - 5*a = 4*o + 20. Let c = -28 + a. What is the tens digit of (0 - 52)/(-1) - c?
5
Let y = 6080 - -14231. What is the thousands digit of y?
0
Let y(t) = -3*t + 164. Let c be y(17). Suppose 3*u = -0*u - 162. Let q = c + u. What is the tens digit of q?
5
Let h = 46599 + -2259. What is the tens digit of h?
4
What is the thousands digit of ((-2)/10)/(6/(-92730))*26?
0
Let r be (-43 + 40)*(-8)/3. Suppose -5*i + 4*n = -817, -7*i + r*i - 2*n - 161 = 0. What is the units digit of i?
5
Let t(m) = 4*m**2 + 1. Suppose -k - 3*k + 4 = 0. Let n be t(k). Suppose n*p = 3 + 2. What is the units digit of p?
1
Suppose -1316*o = -1313*o - 15. Let l be (3/2)/((-2)/(-432)). Suppose o*v - l = 2*t, 201 = 3*v - 0*v + t. What is the units digit of v?
6
What is the units digit of 116 + 9/(0 - 3)?
3
Let p(z) = 7*z**2 + z + 5. Let g be p(-4). Suppose -2*q + g = -q. What is the hundreds digit of q?
1
Let s = 117497 - 74545. What is the hundreds digit of s?
9
Suppose 0 = 2*c + 1 + 1. Let q(f) = -2*f. Let t be q(c). Suppose -x = k - 41, -t*x + k + 11 = -68. What is the tens digit of x?
4
Let t = 87 + -81. Let d be 8/3*t/(-4) + 9. Suppose d*w - 4*i - 935 = 0, -5*w + 2*i + 930 = -i. What is the units digit of w?
3
Let h be (5 - (3 + -2)) + 0. Suppose h*n = 2*i + 22, 5*i - 4 + 9 = 0. Suppose 280 = n*c - c. What is the tens digit of c?
7
Suppose 4*o + 70 = -3*o. Let m(i) = i**2 + 10*i + 6. Let p be m(o). Suppose 0 = -3*u - 2*h + 233, 3 = -3*h + p. What is the tens digit of u?
7
Let y(x) = -858*x + 1671. What is the ten thousands digit of y(-15)?
1
Let d(s) = -16*s**3 + 19*s**2 - 45*s - 14. What is the hundreds digit of d(-8)?
7
Suppose 2*m = 5*m - 177. Let d = -9 - m. Let w = 187 + d. What is the units digit of w?
9
Let p be 1/(((-1)/2)/(-1)). Suppose -k = -2*f - p, 10*k + 21 = 7*k - 3*f. What is the tens digit of 3/(70/240 + 1/k)?
7
What is the tens digit of -3 + (-102949)/(-7) + 8?
1
Let p(d) be the first derivative of d**4/4 + 2*d**3 + 6*d**2 - 40*d + 57. What is the hundreds digit of p(6)?
4
Suppose -5*r - 2 = 48. Let t be 4/r - (-1752)/(-20). Let f = 190 + t. What is the hundreds digit of f?
1
Suppose -5*r = 4*x - 4489, -2*x = 5*r - r - 3596. Let o = r + -585. What is the units digit of o?
6
Let b(z) be the third derivative of 13*z**5/60 - z**4/3 + 4*z**3/3 + 35*z**2 - 2. What is the units digit of b(5)?
3
Suppose -2*g + 694 = 3*n, -2*n + 7*n + 3*g - 1157 = 0. Let p = n + -68. What is the units digit of p?
4
Suppose 4*p - 4164 - 77038 = -3*h, p - 4*h = 20291. What is the thousands digit of p?
0
Let a(s) = 319*s**2 + 71*s + 242. What is the thousands digit of a(10)?
2
Let f(q) = 830*q**2 - 40*q + 14. What is the units digit of f(-5)?
4
Suppose 4*k - 9253 = -f, 4*f - 43715 + 6720 = k. What is the tens digit of f?
4
Let h = -96771 - -151936. Let v be h/77 - ((-27)/21)/(-3). Suppose -3*y + v = y. What is the units digit of y?
9
Let v be (-2998)/(-7) + 11/((-308)/8). Let c = 42 + v. What is the hundreds digit of c?
4
Let l(d) = -2*d**2 - d + 124. Let j(w) = -3*w**2 + 16*w + 5. Let a be j(5). Suppose 0 = a*m - 2*m. What is the tens digit of l(m)?
2
Suppose 2*w - 26207 = 14451. What is the thousands digit of w?
0
Suppose -5*c - 7*a + 166647 = 44684, 4*c - 97572 = -4*a. What is the ten thousands digit of c?
2
Let y(c) = -c**2 + 4*c - 3. Let z be y(3). Suppose -532 = -1000*g + 1019*g. What is the hundreds digit of (z + 27/(-6))*g?
1
Let v(m) = -m**2 - 51*m + 90. Suppose -5*x - 2*n = 206, -7*x - 4*n - 212 = -2*x. What is the hundreds digit of v(x)?
5
Let w = -9289 + 20988. What is the thousands digit of w?
1
Suppose 2*y - 2*i = 234, 2*i + 0 + 10 = 0. Let m = 715 - y. What is the hundreds digit of m?
6
Let k(i) = i**3 - 17*i**2 - 39*i + 24. Let z be k(19). Suppose 5*s - 9255 = -5*n, 4*n - z*s - 2243 - 5188 = 0. What is the thousands digit of n?
1
Let a(k) = -59*k - 2. Let i = -82 - -81. Let c be a(i). What is the hundreds digit of 16*c/(-18)*-3?
1
Let d(k) = -k**3 - 16*k**2 + 2*k + 15221. What is the hundreds digit of d(0)?
2
Let n = 5323 - -3413. What is the hundreds digit of n?
7
Suppose -630 = 28*r - 35*r. What is the units digit of -5 + (-120)/r*(-114)/4?
3
Let i(b) = -b**3 - 3*b**2 + 8*b - 5. Let n(w) = -w**3 - 5*w**2 + 7*w - 5. Let h(g) = 2*i(g) - 3*n(g). What is the hundreds digit of h(-7)?
1
Suppose -3*t + 6*b = 4*b - 5556, -3*t - 5*b = -5535. Suppose 0 = -6*y + 1000 + t. What is the tens digit of y?
7
What is the units digit of (-11138)/(-4) + (-89)/(-178)?
5
Suppose 2*p - d + 1 = 0, 5*p - 9*p + 7 = -5*d. Let h(q) = q - 3*q**3 - q**2 + 2 + 3*q**2 + 2. What is the units digit of h(p)?
4
Let o(q) = 2*q**2 - 46*q - 46. Let b be o(24). Suppose -7*n + 6999 = -3*n + v, 5*n = -b*v + 8748. What is the hundreds digit of n?
7
Suppose -37*x + 39770 + 4667 = 0. What is the hundreds digit of x?
2
Suppose 1178329 = 136*d - 789400 - 463951. What is the ten thousands digit of d?
1
Let q(o) = 96*o**3 - 16*o**2 - 10*o + 32. What is the tens digit of q(4)?
8
Let j(m) = 7*m - 134. Let u be j(20). Suppose -12*g + 3312 = u*g. What is the tens digit of g?
8
Suppose 0 = -3*n + 184 + 32. Suppose 18*f - 14*f = -n. What is the units digit of -34*-3*(-3)/f?
7
Let h(l) = 11*l**2 + 1154*l - 355. What is the thousands digit of h(-107)?
2
Let n(o) = -2*o**3 + 77*o**2 + 454*o + 84. What is the hundreds digit of n(40)?
4
Let n(z) = -z**2 - 18*z - 19. Let g be n(-9). Suppose -4*y + 18 = -g. What is the tens digit of y?
2
Let u(n) be the first derivative of -n**4/4 - 5*n**3/3 + 4*n**2 + 18*n + 14. Let t be u(-7). Suppose 21 = 3*r - t. What is the tens digit of r?
2
Let l(k) = 424*k - 247. Suppose 9*r - 49 = -4. What is the units digit of l(r)?
3
Let n be (-5)/50*14*-85. Suppose n - 31 = 8*q. Let c(x) = x**3 - 10*x**2 + 11*x + 6. What is the hundreds digit of c(q)?
2
Let w(o) = -372*o**3 - 2*o**2 - 15*o + 4. What is the thousands digit of w(-3)?
0
Let n(b) = -b**3 + 44*b**2 - 6*b + 6. Suppose a - 5*h - 24 = 0, 6*a - 4*a = h + 12. What is the tens digit of n(a)?
2
Suppose -6*q + q - 2*a - 105 = 0, 5*q = -3*a - 105. What is the hundreds digit of (-14)/q + 4431/9?
4
Suppose -5*a - 5 = -15. What is the hundreds digit of (-15026)/66*(a - 5)?
6
Suppose -2*s = -3*p - 39, 2*p = -4*s + 4*p + 82. Suppose -15*o = -s*o + 180. Suppose 33*b - 612 = o*b. What is the hundreds digit of b?
2
Let k be 94/(-329) - ((-9)/7 - -1). Suppose -f = -4*r + 4*f, -2*f = k. What is the units digit of (-9 - -10) + (91 - r)?
2
Let h be ((45/6)/3)/(8/(-112)). Let s = -24 - h. Suppose -s*p + 57 = -42. What is the units digit of p?
9
Let h be ((-8)/6)/((-2)/159). Suppose 4*p + x - 121 = 0, -h = -5*p - x + 44. Suppose 0 = p*u - 27*u - 82. What is the tens digit of u?
4
Suppose -22*z - 22*z = -54*z + 55190. What is the hundreds digit of z?
5
What is the thousands digit of (-24 + -259)*3*(-17)/3?
4
Suppose 1198*x - 1211*x = -165087. What is the thousands digit of x?
2
Let q be (1 + -2)/(-3)*57. Suppose -45 = 233*c - 248*c. Suppose 147 = 2*n + c*u, -3*n + q = u - 212. What is the units digit of n?
8
Let k = -3315 - -2024. Let a = k - -2769. What is the thousands digit of a?
1
Suppose 206*t - 40*t + 65*t - 1759758 = 0. What is the units digit of t?
8
Let l(p) = 80*p**2 - 72*p**2 - 6*p + 2 + 29*p**2 + 517*p**2. What is the hundreds digit of l(1)?
5
Suppose -9*n + 12088 = -n. Suppose -5*i + n - 371 = 0. What is the tens digit of i?
2
Let k(w) = -w**3 - 26*w**2 + 69*w + 204. What is the tens digit of k(-41)?
9
Let i be -50*(-9)/((-45)/2). Let t = 1153 + i. What is the thousands digit of t?
1
Let u(l) = -196*l**3 + 7*l**2 - 28*l - 75. What is the units digit of u(-6)?
1
What is the ten thousands digit of (-3 + (58872/(-9) - 3))*(-9 - -6)?
1
Suppose 0 = 5*b - 7 - 3. Suppose -3*f - 12 = -3*u, 3*u + f = -10 + 18. Suppose -3*p + 33 = -u*g - 354, -b*p = -g - 257. What is the hundreds digit of p?
1
Suppose -b = -m + 5314, 5*b + 1 = 6*b. What is the tens digit of m?
1
Suppose 267*d - 261*d - 18204 = 0. What is the units digit of d?
4
Let h = -121 + 121. Suppose 0 = -3*j + i + 4*i - 387, h = 5*j - 2*i + 626. Let x = 174 + j. 